{"id":13525,"date":"2026-02-07T15:31:19","date_gmt":"2026-02-07T14:31:19","guid":{"rendered":"https:\/\/www.ablease.be\/product\/mercedes-cla-250-sport-edition-2\/"},"modified":"2026-02-07T15:31:19","modified_gmt":"2026-02-07T14:31:19","slug":"mercedes-cla-250-sport-edition-2","status":"publish","type":"product","link":"https:\/\/www.ablease.be\/fr\/product\/mercedes-cla-250-sport-edition-2\/","title":{"rendered":"Mercedes CLA 250+ Sport Edition"},"content":{"rendered":"<p class=\"p1\" style=\"text-align: left;\">La <b>Mercedes-benz CLA 250+ Sport Edition 2025<\/b> allie une \u00e9l\u00e9gance in\u00e9gal\u00e9e \u00e0 une technologie r\u00e9volutionnaire et \u00e0 des performances \u00e9lectriques.<\/p>\n<p>Cette Sport Edition porte ce que vous attendez d&rsquo;une berline compacte haut de gamme \u00e0 un niveau totalement nouveau &#8211; pour les conducteurs qui exigent style, confort et innovation de pointe.<\/p>\n<p>Avec sa silhouette fastback dynamique et ses proportions athl\u00e9tiques, la CLA 250+ Sport Edition attire tous les regards sur la route. L&rsquo;\u00e9quilibre parfait entre sportivit\u00e9 et luxe raffin\u00e9 fait de chaque conduite une d\u00e9claration. <\/p>\n<p>Cette version est dot\u00e9e d&rsquo;une puissante motorisation \u00e9lectrique d&rsquo;environ <b>200 kW \/ 272 ch<\/b>, d&rsquo;un couple impressionnant et d&rsquo;une acc\u00e9l\u00e9ration sportive qui vous donnera le sourire \u00e0 chaque feu rouge. Gr\u00e2ce \u00e0 une plate-forme moderne \u00e0 propulsion arri\u00e8re, vous b\u00e9n\u00e9ficierez d&rsquo;une exp\u00e9rience de conduite pure et intuitive. <\/p>\n<p>Le CLA 250+ partage la nouvelle architecture \u00e9lectrique efficace de Mercedes-Benz, avec des capacit\u00e9s de charge rapide et une gestion intelligente de l&rsquo;\u00e9nergie qui optimise l&rsquo;autonomie &#8211; id\u00e9ale pour les trajets quotidiens comme pour les longs voyages.<\/p>\n<p>Que vous choisissiez des trajets quotidiens en ville ou des trajets plus longs sur autoroute, la CLA 250+ Sport Edition offre un m\u00e9lange harmonieux de confort, de maniabilit\u00e9 et d&rsquo;efficacit\u00e9.<\/p>\n<p>Cela fait de ce mod\u00e8le un choix int\u00e9ressant pour ceux qui recherchent le luxe et la performance sans compromis.<\/p>\n","protected":false},"excerpt":{"rendered":"<p>La Mercedes-benz CLA 250+ Sport Edition 2025 allie une \u00e9l\u00e9gance in\u00e9gal\u00e9e \u00e0 une technologie r\u00e9volutionnaire et \u00e0 des performances \u00e9lectriques. Cette Sport Edition porte ce que vous attendez d&rsquo;une berline compacte haut de gamme \u00e0 un niveau totalement nouveau &#8211; pour les conducteurs qui exigent style, confort et innovation de pointe. Avec sa silhouette fastback [&hellip;]<\/p>\n","protected":false},"featured_media":13499,"comment_status":"closed","ping_status":"closed","template":"","meta":[],"product_brand":[88],"product_cat":[227,198],"product_tag":[],"class_list":{"0":"post-13525","1":"product","2":"type-product","3":"status-publish","4":"has-post-thumbnail","6":"product_brand-mercedes","7":"product_cat-cla-fr","8":"product_cat-mercedes-fr","10":"first","11":"instock","12":"shipping-taxable","13":"purchasable","14":"product-type-simple"},"yoast_head":"<!-- This site is optimized with the Yoast SEO plugin v26.5 - https:\/\/yoast.com\/wordpress\/plugins\/seo\/ -->\n<title>Mercedes CLA 250+ Sport Edition - AB Lease<\/title>\n<meta name=\"robots\" content=\"index, follow, max-snippet:-1, max-image-preview:large, max-video-preview:-1\" \/>\n<link rel=\"canonical\" href=\"https:\/\/www.ablease.be\/fr\/product\/mercedes-cla-250-sport-edition-2\/\" \/>\n<meta property=\"og:locale\" content=\"fr_FR\" \/>\n<meta property=\"og:type\" content=\"article\" \/>\n<meta property=\"og:title\" content=\"Mercedes CLA 250+ Sport Edition - AB Lease\" \/>\n<meta property=\"og:description\" content=\"La Mercedes-benz CLA 250+ Sport Edition 2025 allie une \u00e9l\u00e9gance in\u00e9gal\u00e9e \u00e0 une technologie r\u00e9volutionnaire et \u00e0 des performances \u00e9lectriques. Cette Sport Edition porte ce que vous attendez d&rsquo;une berline compacte haut de gamme \u00e0 un niveau totalement nouveau &#8211; pour les conducteurs qui exigent style, confort et innovation de pointe. Avec sa silhouette fastback [&hellip;]\" \/>\n<meta property=\"og:url\" content=\"https:\/\/www.ablease.be\/fr\/product\/mercedes-cla-250-sport-edition-2\/\" \/>\n<meta property=\"og:site_name\" content=\"AB Lease\" \/>\n<meta property=\"og:image\" content=\"https:\/\/www.ablease.be\/wp-content\/uploads\/2026\/02\/12_Mercedes_CLA_250_Sport_Edition_AMG_Line_AB_Lease.webp\" \/>\n\t<meta property=\"og:image:width\" content=\"1000\" \/>\n\t<meta property=\"og:image:height\" content=\"565\" \/>\n\t<meta property=\"og:image:type\" content=\"image\/webp\" \/>\n<meta name=\"twitter:card\" content=\"summary_large_image\" \/>\n<meta name=\"twitter:label1\" content=\"Dur\u00e9e de lecture estim\u00e9e\" \/>\n\t<meta name=\"twitter:data1\" content=\"1 minute\" \/>\n<script type=\"application\/ld+json\" class=\"yoast-schema-graph\">{\"@context\":\"https:\/\/schema.org\",\"@graph\":[{\"@type\":\"WebPage\",\"@id\":\"https:\/\/www.ablease.be\/fr\/product\/mercedes-cla-250-sport-edition-2\/\",\"url\":\"https:\/\/www.ablease.be\/fr\/product\/mercedes-cla-250-sport-edition-2\/\",\"name\":\"Mercedes CLA 250+ Sport Edition - AB Lease\",\"isPartOf\":{\"@id\":\"https:\/\/www.ablease.be\/fr\/#website\"},\"primaryImageOfPage\":{\"@id\":\"https:\/\/www.ablease.be\/fr\/product\/mercedes-cla-250-sport-edition-2\/#primaryimage\"},\"image\":{\"@id\":\"https:\/\/www.ablease.be\/fr\/product\/mercedes-cla-250-sport-edition-2\/#primaryimage\"},\"thumbnailUrl\":\"https:\/\/www.ablease.be\/wp-content\/uploads\/2026\/02\/12_Mercedes_CLA_250_Sport_Edition_AMG_Line_AB_Lease.webp\",\"datePublished\":\"2026-02-07T14:31:19+00:00\",\"breadcrumb\":{\"@id\":\"https:\/\/www.ablease.be\/fr\/product\/mercedes-cla-250-sport-edition-2\/#breadcrumb\"},\"inLanguage\":\"fr-FR\",\"potentialAction\":[{\"@type\":\"ReadAction\",\"target\":[\"https:\/\/www.ablease.be\/fr\/product\/mercedes-cla-250-sport-edition-2\/\"]}]},{\"@type\":\"ImageObject\",\"inLanguage\":\"fr-FR\",\"@id\":\"https:\/\/www.ablease.be\/fr\/product\/mercedes-cla-250-sport-edition-2\/#primaryimage\",\"url\":\"https:\/\/www.ablease.be\/wp-content\/uploads\/2026\/02\/12_Mercedes_CLA_250_Sport_Edition_AMG_Line_AB_Lease.webp\",\"contentUrl\":\"https:\/\/www.ablease.be\/wp-content\/uploads\/2026\/02\/12_Mercedes_CLA_250_Sport_Edition_AMG_Line_AB_Lease.webp\",\"width\":1000,\"height\":565},{\"@type\":\"BreadcrumbList\",\"@id\":\"https:\/\/www.ablease.be\/fr\/product\/mercedes-cla-250-sport-edition-2\/#breadcrumb\",\"itemListElement\":[{\"@type\":\"ListItem\",\"position\":1,\"name\":\"Home\",\"item\":\"https:\/\/www.ablease.be\/fr\/\"},{\"@type\":\"ListItem\",\"position\":2,\"name\":\"Recherche voitures\",\"item\":\"https:\/\/www.ablease.be\/fr\/recherche-voitures\/\"},{\"@type\":\"ListItem\",\"position\":3,\"name\":\"Mercedes CLA 250+ Sport Edition\"}]},{\"@type\":\"WebSite\",\"@id\":\"https:\/\/www.ablease.be\/fr\/#website\",\"url\":\"https:\/\/www.ablease.be\/fr\/\",\"name\":\"AB Lease\",\"description\":\"\",\"publisher\":{\"@id\":\"https:\/\/www.ablease.be\/fr\/#organization\"},\"potentialAction\":[{\"@type\":\"SearchAction\",\"target\":{\"@type\":\"EntryPoint\",\"urlTemplate\":\"https:\/\/www.ablease.be\/fr\/?s={search_term_string}\"},\"query-input\":{\"@type\":\"PropertyValueSpecification\",\"valueRequired\":true,\"valueName\":\"search_term_string\"}}],\"inLanguage\":\"fr-FR\"},{\"@type\":\"Organization\",\"@id\":\"https:\/\/www.ablease.be\/fr\/#organization\",\"name\":\"AB Lease\",\"url\":\"https:\/\/www.ablease.be\/fr\/\",\"logo\":{\"@type\":\"ImageObject\",\"inLanguage\":\"fr-FR\",\"@id\":\"https:\/\/www.ablease.be\/fr\/#\/schema\/logo\/image\/\",\"url\":\"https:\/\/www.ablease.be\/wp-content\/uploads\/2022\/07\/ablogo.webp\",\"contentUrl\":\"https:\/\/www.ablease.be\/wp-content\/uploads\/2022\/07\/ablogo.webp\",\"width\":284,\"height\":137,\"caption\":\"AB Lease\"},\"image\":{\"@id\":\"https:\/\/www.ablease.be\/fr\/#\/schema\/logo\/image\/\"}}]}<\/script>\n<!-- \/ Yoast SEO plugin. -->","yoast_head_json":{"title":"Mercedes CLA 250+ Sport Edition - AB Lease","robots":{"index":"index","follow":"follow","max-snippet":"max-snippet:-1","max-image-preview":"max-image-preview:large","max-video-preview":"max-video-preview:-1"},"canonical":"https:\/\/www.ablease.be\/fr\/product\/mercedes-cla-250-sport-edition-2\/","og_locale":"fr_FR","og_type":"article","og_title":"Mercedes CLA 250+ Sport Edition - AB Lease","og_description":"La Mercedes-benz CLA 250+ Sport Edition 2025 allie une \u00e9l\u00e9gance in\u00e9gal\u00e9e \u00e0 une technologie r\u00e9volutionnaire et \u00e0 des performances \u00e9lectriques. Cette Sport Edition porte ce que vous attendez d&rsquo;une berline compacte haut de gamme \u00e0 un niveau totalement nouveau &#8211; pour les conducteurs qui exigent style, confort et innovation de pointe. Avec sa silhouette fastback [&hellip;]","og_url":"https:\/\/www.ablease.be\/fr\/product\/mercedes-cla-250-sport-edition-2\/","og_site_name":"AB Lease","og_image":[{"width":1000,"height":565,"url":"https:\/\/www.ablease.be\/wp-content\/uploads\/2026\/02\/12_Mercedes_CLA_250_Sport_Edition_AMG_Line_AB_Lease.webp","type":"image\/webp"}],"twitter_card":"summary_large_image","twitter_misc":{"Dur\u00e9e de lecture estim\u00e9e":"1 minute"},"schema":{"@context":"https:\/\/schema.org","@graph":[{"@type":"WebPage","@id":"https:\/\/www.ablease.be\/fr\/product\/mercedes-cla-250-sport-edition-2\/","url":"https:\/\/www.ablease.be\/fr\/product\/mercedes-cla-250-sport-edition-2\/","name":"Mercedes CLA 250+ Sport Edition - AB Lease","isPartOf":{"@id":"https:\/\/www.ablease.be\/fr\/#website"},"primaryImageOfPage":{"@id":"https:\/\/www.ablease.be\/fr\/product\/mercedes-cla-250-sport-edition-2\/#primaryimage"},"image":{"@id":"https:\/\/www.ablease.be\/fr\/product\/mercedes-cla-250-sport-edition-2\/#primaryimage"},"thumbnailUrl":"https:\/\/www.ablease.be\/wp-content\/uploads\/2026\/02\/12_Mercedes_CLA_250_Sport_Edition_AMG_Line_AB_Lease.webp","datePublished":"2026-02-07T14:31:19+00:00","breadcrumb":{"@id":"https:\/\/www.ablease.be\/fr\/product\/mercedes-cla-250-sport-edition-2\/#breadcrumb"},"inLanguage":"fr-FR","potentialAction":[{"@type":"ReadAction","target":["https:\/\/www.ablease.be\/fr\/product\/mercedes-cla-250-sport-edition-2\/"]}]},{"@type":"ImageObject","inLanguage":"fr-FR","@id":"https:\/\/www.ablease.be\/fr\/product\/mercedes-cla-250-sport-edition-2\/#primaryimage","url":"https:\/\/www.ablease.be\/wp-content\/uploads\/2026\/02\/12_Mercedes_CLA_250_Sport_Edition_AMG_Line_AB_Lease.webp","contentUrl":"https:\/\/www.ablease.be\/wp-content\/uploads\/2026\/02\/12_Mercedes_CLA_250_Sport_Edition_AMG_Line_AB_Lease.webp","width":1000,"height":565},{"@type":"BreadcrumbList","@id":"https:\/\/www.ablease.be\/fr\/product\/mercedes-cla-250-sport-edition-2\/#breadcrumb","itemListElement":[{"@type":"ListItem","position":1,"name":"Home","item":"https:\/\/www.ablease.be\/fr\/"},{"@type":"ListItem","position":2,"name":"Recherche voitures","item":"https:\/\/www.ablease.be\/fr\/recherche-voitures\/"},{"@type":"ListItem","position":3,"name":"Mercedes CLA 250+ Sport Edition"}]},{"@type":"WebSite","@id":"https:\/\/www.ablease.be\/fr\/#website","url":"https:\/\/www.ablease.be\/fr\/","name":"AB Lease","description":"","publisher":{"@id":"https:\/\/www.ablease.be\/fr\/#organization"},"potentialAction":[{"@type":"SearchAction","target":{"@type":"EntryPoint","urlTemplate":"https:\/\/www.ablease.be\/fr\/?s={search_term_string}"},"query-input":{"@type":"PropertyValueSpecification","valueRequired":true,"valueName":"search_term_string"}}],"inLanguage":"fr-FR"},{"@type":"Organization","@id":"https:\/\/www.ablease.be\/fr\/#organization","name":"AB Lease","url":"https:\/\/www.ablease.be\/fr\/","logo":{"@type":"ImageObject","inLanguage":"fr-FR","@id":"https:\/\/www.ablease.be\/fr\/#\/schema\/logo\/image\/","url":"https:\/\/www.ablease.be\/wp-content\/uploads\/2022\/07\/ablogo.webp","contentUrl":"https:\/\/www.ablease.be\/wp-content\/uploads\/2022\/07\/ablogo.webp","width":284,"height":137,"caption":"AB Lease"},"image":{"@id":"https:\/\/www.ablease.be\/fr\/#\/schema\/logo\/image\/"}}]}},"_links":{"self":[{"href":"https:\/\/www.ablease.be\/fr\/wp-json\/wp\/v2\/product\/13525","targetHints":{"allow":["GET"]}}],"collection":[{"href":"https:\/\/www.ablease.be\/fr\/wp-json\/wp\/v2\/product"}],"about":[{"href":"https:\/\/www.ablease.be\/fr\/wp-json\/wp\/v2\/types\/product"}],"replies":[{"embeddable":true,"href":"https:\/\/www.ablease.be\/fr\/wp-json\/wp\/v2\/comments?post=13525"}],"wp:featuredmedia":[{"embeddable":true,"href":"https:\/\/www.ablease.be\/fr\/wp-json\/wp\/v2\/media\/13499"}],"wp:attachment":[{"href":"https:\/\/www.ablease.be\/fr\/wp-json\/wp\/v2\/media?parent=13525"}],"wp:term":[{"taxonomy":"product_brand","embeddable":true,"href":"https:\/\/www.ablease.be\/fr\/wp-json\/wp\/v2\/product_brand?post=13525"},{"taxonomy":"product_cat","embeddable":true,"href":"https:\/\/www.ablease.be\/fr\/wp-json\/wp\/v2\/product_cat?post=13525"},{"taxonomy":"product_tag","embeddable":true,"href":"https:\/\/www.ablease.be\/fr\/wp-json\/wp\/v2\/product_tag?post=13525"}],"curies":[{"name":"wp","href":"https:\/\/api.w.org\/{rel}","templated":true}]}}

<p class="p1" style="text-align: left;">La <b>Mercedes-benz CLA 250+ Sport Edition 2025</b> allie une élégance inégalée à une technologie révolutionnaire et à des performances électriques.</p>
<p>Cette Sport Edition porte ce que vous attendez d&rsquo;une berline compacte haut de gamme à un niveau totalement nouveau &#8211; pour les conducteurs qui exigent style, confort et innovation de pointe.</p>
<p>Avec sa silhouette fastback dynamique et ses proportions athlétiques, la CLA 250+ Sport Edition attire tous les regards sur la route. L&rsquo;équilibre parfait entre sportivité et luxe raffiné fait de chaque conduite une déclaration. </p>
<p>Cette version est dotée d&rsquo;une puissante motorisation électrique d&rsquo;environ <b>200 kW / 272 ch</b>, d&rsquo;un couple impressionnant et d&rsquo;une accélération sportive qui vous donnera le sourire à chaque feu rouge. Grâce à une plate-forme moderne à propulsion arrière, vous bénéficierez d&rsquo;une expérience de conduite pure et intuitive. </p>
<p>Le CLA 250+ partage la nouvelle architecture électrique efficace de Mercedes-Benz, avec des capacités de charge rapide et une gestion intelligente de l&rsquo;énergie qui optimise l&rsquo;autonomie &#8211; idéale pour les trajets quotidiens comme pour les longs voyages.</p>
<p>Que vous choisissiez des trajets quotidiens en ville ou des trajets plus longs sur autoroute, la CLA 250+ Sport Edition offre un mélange harmonieux de confort, de maniabilité et d&rsquo;efficacité.</p>
<p>Cela fait de ce modèle un choix intéressant pour ceux qui recherchent le luxe et la performance sans compromis.</p>

<p>La Mercedes-benz CLA 250+ Sport Edition 2025 allie une élégance inégalée à une technologie révolutionnaire et à des performances électriques. Cette Sport Edition porte ce que vous attendez d&rsquo;une berline compacte haut de gamme à un niveau totalement nouveau &#8211; pour les conducteurs qui exigent style, confort et innovation de pointe. Avec sa silhouette fastback [&hellip;]</p>

<!-- This site is optimized with the Yoast SEO plugin v26.5 - https://yoast.com/wordpress/plugins/seo/ -->
<title>Mercedes CLA 250+ Sport Edition - AB Lease</title>
<meta name="robots" content="index, follow, max-snippet:-1, max-image-preview:large, max-video-preview:-1" />
<link rel="canonical" href="https://www.ablease.be/fr/product/mercedes-cla-250-sport-edition-2/" />
<meta property="og:locale" content="fr_FR" />
<meta property="og:type" content="article" />
<meta property="og:title" content="Mercedes CLA 250+ Sport Edition - AB Lease" />
<meta property="og:description" content="La Mercedes-benz CLA 250+ Sport Edition 2025 allie une élégance inégalée à une technologie révolutionnaire et à des performances électriques. Cette Sport Edition porte ce que vous attendez d&rsquo;une berline compacte haut de gamme à un niveau totalement nouveau &#8211; pour les conducteurs qui exigent style, confort et innovation de pointe. Avec sa silhouette fastback [&hellip;]" />
<meta property="og:url" content="https://www.ablease.be/fr/product/mercedes-cla-250-sport-edition-2/" />
<meta property="og:site_name" content="AB Lease" />
<meta property="og:image" content="https://www.ablease.be/wp-content/uploads/2026/02/12_Mercedes_CLA_250_Sport_Edition_AMG_Line_AB_Lease.webp" />
	<meta property="og:image:width" content="1000" />
	<meta property="og:image:height" content="565" />
	<meta property="og:image:type" content="image/webp" />
<meta name="twitter:card" content="summary_large_image" />
<meta name="twitter:label1" content="Durée de lecture estimée" />
	<meta name="twitter:data1" content="1 minute" />
<script type="application/ld+json" class="yoast-schema-graph">{"@context":"https://schema.org","@graph":[{"@type":"WebPage","@id":"https://www.ablease.be/fr/product/mercedes-cla-250-sport-edition-2/","url":"https://www.ablease.be/fr/product/mercedes-cla-250-sport-edition-2/","name":"Mercedes CLA 250+ Sport Edition - AB Lease","isPartOf":{"@id":"https://www.ablease.be/fr/#website"},"primaryImageOfPage":{"@id":"https://www.ablease.be/fr/product/mercedes-cla-250-sport-edition-2/#primaryimage"},"image":{"@id":"https://www.ablease.be/fr/product/mercedes-cla-250-sport-edition-2/#primaryimage"},"thumbnailUrl":"https://www.ablease.be/wp-content/uploads/2026/02/12_Mercedes_CLA_250_Sport_Edition_AMG_Line_AB_Lease.webp","datePublished":"2026-02-07T14:31:19+00:00","breadcrumb":{"@id":"https://www.ablease.be/fr/product/mercedes-cla-250-sport-edition-2/#breadcrumb"},"inLanguage":"fr-FR","potentialAction":[{"@type":"ReadAction","target":["https://www.ablease.be/fr/product/mercedes-cla-250-sport-edition-2/"]}]},{"@type":"ImageObject","inLanguage":"fr-FR","@id":"https://www.ablease.be/fr/product/mercedes-cla-250-sport-edition-2/#primaryimage","url":"https://www.ablease.be/wp-content/uploads/2026/02/12_Mercedes_CLA_250_Sport_Edition_AMG_Line_AB_Lease.webp","contentUrl":"https://www.ablease.be/wp-content/uploads/2026/02/12_Mercedes_CLA_250_Sport_Edition_AMG_Line_AB_Lease.webp","width":1000,"height":565},{"@type":"BreadcrumbList","@id":"https://www.ablease.be/fr/product/mercedes-cla-250-sport-edition-2/#breadcrumb","itemListElement":[{"@type":"ListItem","position":1,"name":"Home","item":"https://www.ablease.be/fr/"},{"@type":"ListItem","position":2,"name":"Recherche voitures","item":"https://www.ablease.be/fr/recherche-voitures/"},{"@type":"ListItem","position":3,"name":"Mercedes CLA 250+ Sport Edition"}]},{"@type":"WebSite","@id":"https://www.ablease.be/fr/#website","url":"https://www.ablease.be/fr/","name":"AB Lease","description":"","publisher":{"@id":"https://www.ablease.be/fr/#organization"},"potentialAction":[{"@type":"SearchAction","target":{"@type":"EntryPoint","urlTemplate":"https://www.ablease.be/fr/?s={search_term_string}"},"query-input":{"@type":"PropertyValueSpecification","valueRequired":true,"valueName":"search_term_string"}}],"inLanguage":"fr-FR"},{"@type":"Organization","@id":"https://www.ablease.be/fr/#organization","name":"AB Lease","url":"https://www.ablease.be/fr/","logo":{"@type":"ImageObject","inLanguage":"fr-FR","@id":"https://www.ablease.be/fr/#/schema/logo/image/","url":"https://www.ablease.be/wp-content/uploads/2022/07/ablogo.webp","contentUrl":"https://www.ablease.be/wp-content/uploads/2022/07/ablogo.webp","width":284,"height":137,"caption":"AB Lease"},"image":{"@id":"https://www.ablease.be/fr/#/schema/logo/image/"}}]}</script>
<!-- / Yoast SEO plugin. -->

La Mercedes-benz CLA 250+ Sport Edition 2025 allie une élégance inégalée à une technologie révolutionnaire et à des performances électriques. Cette Sport Edition porte ce que vous attendez d&rsquo;une berline compacte haut de gamme à un niveau totalement nouveau &#8211; pour les conducteurs qui exigent style, confort et innovation de pointe. Avec sa silhouette fastback [&hellip;]
